Suppose -2*v - 3*c = -3, v + 5*c + 2 = -0*c. Suppose 4*m = -2*i + 18, v*m - i = 8 + 18. What are the prime factors of m?
7
Let n = 6 - 3. Suppose -3*s = -g - 28, -s + 3*g = -n*s + 15. Suppose 4*y = 5*f - 72, 3*y - 45 = -3*f + s. What are the prime factors of f?
2
Let u(f) = f**3 + 2*f**2 - 2*f - 1. Let z be u(-3). Let b be -2 + z/(-2) - 1. List the prime factors of (b - 3/(-2))*18.
3
Let g(o) = 2 + 2*o - 6 - 2. Let c be g(4). Suppose 0 = -5*n + c*d + 56, 5*d + 38 = 7*n - 3*n. What are the prime factors of n?
2, 3
What are the prime factors of (-76 + -7 + -1 + 2)/(-2)?
41
Let l = -41 + 16. Let m = -72 - -59. Let y = m - l. What are the prime factors of y?
2, 3
Let x(h) = -h**3 - 18*h**2 - 7*h - 10. What are the prime factors of x(-18)?
2, 29
Let y(s) = -2*s - 9. Let b be y(-6). What are the prime factors of 9 + 2/(1 - b)?
2
Let l = -71 - -43. Let y = l - -43. List the prime factors of y.
3, 5
Suppose -6*d = -589 - 395. List the prime factors of d.
2, 41
Let u(d) = 3*d**2 - 1. Let h be u(-1). Suppose -p + 4*f - 22 = 0, 2*f = -h*p + p + 8. What are the prime factors of (-3)/p*32/6?
2
Let x = -389 - -612. List the prime factors of x.
223
Let c = -18 + 27. Let j(g) = -10*g**3 + c*g**3 - 4 + 4 - g - 2 - 6*g**2. List the prime factors of j(-6).
2
Suppose -3*j = -3*f + 192, -198 = -4*f + j + 55. What are the prime factors of f?
3, 7
Let a = 7 + -3. Suppose -1 + 22 = b. Suppose -b = o - a*o. List the prime factors of o.
7
Let o be 4/(-10) - 2/(-5). Suppose o = 5*k - 3*k + 6. Let y = 5 + k. What are the prime factors of y?
2
Let w(s) = -17*s**3 + 2*s**2 - 2. What are the prime factors of w(-1)?
17
Suppose 3*d = 5*p - 77, 0*d = p + 4*d - 20. Suppose -3*s = s - p. Suppose -4*w + s*f = w - 48, -4 = 2*f. What are the prime factors of w?
2
Let l = -2 + 12. Suppose 0 = -5*o - 0*o + l. Suppose o*z - 6*z = -12, p + 4*z = 16. What are the prime factors of p?
2
Let k(v) = -v**3 + 3*v**2 + 5*v + 1. Let f be k(4). Suppose -c + 7 = n, 4*c - 4*n - f = 7. List the prime factors of c.
5
Let l(c) = -1 - 4*c**2 - 3*c + 7*c**2 + 4 + 0*c**3 + 2*c**3. List the prime factors of l(2).
5
Let n(s) = -14*s**3 + s**2 + 2*s + 1. List the prime factors of n(-1).
2, 7
Let f(a) = -5*a + 9. What are the prime factors of f(-5)?
2, 17
Let y = -14 + 23. Suppose y = b - 4*q, 4*q = 6*q + 2. List the prime factors of b.
5
Let n = 10 + -16. Let t be 3*-2*2/n. Suppose -5*z + 53 = -t. What are the prime factors of z?
11
Let z = 6 + -18. Let x be (-6)/z*(2 + 0). Suppose 4*o + 32 = 5*a, -2*a - 4*o - 5 = -x. List the prime factors of a.
2
Let g(x) = x**3 + 4*x**2 + x + 6. Let o be g(-5). Let b = -17 - o. What are the prime factors of b?
7
Let z(w) = 1. Let d(s) = -2*s + 2. Let h(o) = -d(o) - z(o). Let y be h(5). Let i = 24 - y. What are the prime factors of i?
17
Suppose 5*k + 16 = -d, 2*d + 0*d - 3*k = -19. List the prime factors of (-299)/d - (-2)/(-11).
3
Let v(m) = 0*m + m + 0*m - 5 + 2*m. What are the prime factors of v(5)?
2, 5
Suppose -42 = 5*d + 3*k, 7*d - 4*d + 3*k = -24. Let z be ((-48)/d)/(2/6). Let m = z - 11. What are the prime factors of m?
5
Suppose 33 = j + 2*j. Suppose -i = -8 - j. Suppose -5 - i = -3*v. List the prime factors of v.
2
Let i(j) = j**3 - 4*j**2 + 2. Let w be i(4). Let g(f) = 10 + 4*f + 4*f**3 - 3*f**3 + f**w - 3*f. List the prime factors of g(0).
2, 5
Let v = 17 + -3. List the prime factors of 7/((2 - 0)/v).
7
Suppose 4*m = w - 2*w + 37, -4*m = -3*w - 49. What are the prime factors of m?
2, 5
Suppose -10 = 2*u - 290. List the prime factors of u.
2, 5, 7
Let p(l) = -15*l**3 - l**2 - 3*l - 3. Let u be p(-2). Suppose -37 = -2*g - 5*q, -u = -5*g - 4*q - 1. Let c = g + -11. What are the prime factors of c?
3, 5
List the prime factors of (-16)/72 - (-353)/9.
3, 13
Let s be (-1)/5 + 49/(-5). Let y = 16 + s. List the prime factors of y.
2, 3
Suppose 2*l - 13 = 3*c + 74, -3*l + 5*c + 129 = 0. What are the prime factors of l?
2, 3
Suppose -2*q = 3*q. Suppose q = -0*k + 4*k - 20. What are the prime factors of k?
5
Suppose -2*l = 12*l - 980. What are the prime factors of l?
2, 5, 7
Let g(f) = -f**2 + 6*f - 3. Suppose 5*w + 2*v = 16, 0*v + v + 18 = 4*w. Let y be g(w). List the prime factors of 37/y + 2/(-5).
7
Let x = 1034 + -656. What are the prime factors of x?
2, 3, 7
Let t(j) = j**3 + 8*j**2 + 6*j + 5. Let q be t(-7). Suppose q = 3*f + f. Suppose -3*g = -4*g - f*z - 7, 2*z + 18 = 2*g. What are the prime factors of g?
5
Let p(i) be the third derivative of i**5/60 - i**4/12 - 5*i**3/6 - 13*i**2. Let m be (-2)/(-4) - (-21)/6. What are the prime factors of p(m)?
3
Let c = 28 + -45. Let v = 0 - c. List the prime factors of v.
17
Suppose 0 = -3*o - 2*c - 16, -5*c - 16 = 3*o - 3. Let w be (o/(-5))/((-3)/(-15)). What are the prime factors of w/9 + 34/3?
2, 3
Suppose 23*x - 1200 = 11*x. List the prime factors of x.
2, 5
Suppose 329 = 3*t + 119. Suppose -g - 4*g + t = 0. Suppose g = 5*n - 21. What are the prime factors of n?
7
Suppose -f = -4*w + 12, 4*w - 20 = -3*f + 2*f. Suppose -3*d - w*p = d + 12, -3*p = d + 3. What are the prime factors of (d + -1)*3/(-4)?
3
Suppose -v + 45 = -3. Let d be (-3038)/(-63) + (-4)/18. Suppose 2*q + 3*q = -4*h + d, -q - v = -4*h. What are the prime factors of h?
2, 3
Let u(x) = 3*x + 5. Let m(k) = k**3 + 6*k**2 - 7. Let n be m(-6). Let g be u(n). Let c = 29 + g. What are the prime factors of c?
13
Let y(w) = -2*w**2 + 39*w - 33. List the prime factors of y(16).
79
Suppose 0 = 2*n - 2*y - y - 4, n - 4*y + 3 = 0. List the prime factors of (n/10)/(1/22).
11
Let m = 114 - 75. What are the prime factors of m?
3, 13
Let a(f) = -f + 14. Let t be a(12). What are the prime factors of t - (-33 + -2 + 2)?
5, 7
Let p(a) = -2*a + 4. Let i be p(3). What are the prime factors of 2 + (-1 - i*10)?
3, 7
Suppose -5*o + 2*s - 30 = -3*s, 0 = 2*o + 3*s + 32. Let w = o - -13. List the prime factors of w.
3
Let h(i) = -i**2 - 8*i - 5. Let o be h(-7). Suppose 2*k + 21 = 3*k + o*t, 0 = -2*k + t + 37. What are the prime factors of k?
19
What are the prime factors of -2 + (-12)/2*-3?
2
Suppose -436 = 8*w - 2420. What are the prime factors of w?
2, 31
Let q = 7 - 7. Let l be 2/(2/2 - q). Suppose 1 = l*k - 7. List the prime factors of k.
2
Let d be (-6 + 3)/(-3) - 3. Let v(x) = -14*x + 1. Let o be v(d). Let y = o - 21. List the prime factors of y.
2
Let q be (12/10)/((-4)/(-470)). What are the prime factors of 3/9 - q/(-9)?
2
Suppose -4*n = -7*n + 81. List the prime factors of n.
3
Let m = -3 - 9. What are the prime factors of ((-39)/m)/(1/8)?
2, 13
Let o be (-18)/3*(-2)/4. Suppose 4*g = p + 2*g + 3, 0 = o*p + g - 12. What are the prime factors of p?
3
Let z be (9/(-3))/(9/(-6)). Suppose -w + z*w - 3 = 0. What are the prime factors of w?
3
Suppose -v - 4 = -2*v. Suppose -33 + 8 = -5*z + 5*o, v*o = 3*z - 17. Suppose 0 = z*h - 0 - 24. What are the prime factors of h?
2
Let r(w) = -w - 2. Let u be r(-1). Let h be (18/21)/(u/7). List the prime factors of (-1)/3 - 32/h.
5
Suppose r = -5 - 9. Let v = r - 9. Let a = -16 - v. List the prime factors of a.
7
List the prime factors of 17/17 - 3/(6/(-196)).
3, 11
Let c(q) = 21*q**2 - q. Let r be c(-2). Suppose -2*k = -5*l - r, -2*k + 0*l - 5*l + 106 = 0. List the prime factors of k.
2, 3
Suppose -5 + 70 = 5*o. What are the prime factors of o?
13
List the prime factors of 3 - 1/(3/(-96)).
5, 7
List the prime factors of (1/3)/(132/(-27) - -5).
3
Suppose 0*l - 14 = -2*l. What are the prime factors of l*2*(-1)/(-2)?
7
List the prime factors of (-227)/(-2) + (-7)/(-14).
2, 3, 19
Let v(m) = 2 - m + 0*m + m**2 + 0*m. List the prime factors of v(4).
2, 7
List the prime factors of 2/3*(-2 - -8).
2
Let t(z) = z + 27. List the prime factors of t(-25).
2
Let v(z) be the second derivative of z**4/6 + 2*z**3/3 + z**2 - 5*z. List the prime factors of v(-3).
2
Let f(m) = -53*m - 4. List the prime factors of f(-1).
7
Suppose 42 - 192 = -5*v. What are the prime factors of v?
2, 3, 5
Let z = -69 - -119. List the prime factors of z.
2, 5
Let y = 61 + -59. What are the prime factors of y?
2
Suppose 0 = 2*h + h - 90. What are the prime factors of h?
2, 3, 5
Let p = -7 - 27. Let s = -23 - p. Let h = 0 + s. List the prime factors of h.
11
Let m(u) = 3*u**3 + 35*u**2 + 23*u. Let y(o) = -o**3 - 12*o**2 - 8*o. Let i(z) = 6*m(z) + 17*y(z). List the prime factors of